the remainder when s is divided by 13.
11
Suppose -3*k - z = -243 + 91, 5*k - 240 = z. Suppose 4*r - 5*h + 8*h = k, -3*r = -5*h - 44. What is the remainder when 68 is divided by r?
3
Suppose -390 = -0*r - r - 4*i, -3*i = r - 392. Suppose -142*h - r = -144*h. Calculate the remainder when h is divided by 60.
19
Suppose 56*q = 52*q - 4. Let r be (-3)/(9/(-15)) - q. What is the remainder when 1*(3 - 20/r)*-33 is divided by 5?
1
Suppose 0 = 62*g + 422*g - 57344 - 214180. What is the remainder when g is divided by 17?
0
Let p(v) = 156*v - 383. What is the remainder when 739 is divided by p(4)?
16
Let a = -103 - -3. Let w be -9 + (-648)/8*1. Let t = w - a. What is the remainder when 168 is divided by t?
8
Let g be (-570)/(-19)*(1 + (-5)/(-3)). Suppose 0 = -12*u + 16*u - g. Calculate the remainder when 57 is divided by u.
17
Let u(h) = 6*h + 134. Let r(p) = -10*p - 135. Let a(i) = 7*r(i) + 6*u(i). Calculate the remainder when 665 is divided by a(-5).
27
Let s = -1653 + 1656. Let o(m) = -2. Let y(c) = c**2 - 18. Let k(p) = -18*o(p) + 2*y(p). Calculate the remainder when 35 is divided by k(s).
17
Calculate the remainder when 209 is divided by (-8 - (-36)/(-18)) + 84.
61
Suppose 2 = -3*r + 50. Suppose 0 = 2*b - r*b + 1288. What is the remainder when b is divided by 19?
16
Suppose -b - 6 = -v + 7, 4*b + 8 = 0. Let x be (2/4)/(12/9144). Suppose -9*h + 564 = -x. What is the remainder when h is divided by v?
6
Suppose 5*n + 3*y = 293 + 550, -2*y - 692 = -4*n. Let q = n + -148. Calculate the remainder when q is divided by 12.
11
Suppose 42*s - 2375 = 4639. What is the remainder when s is divided by 28?
27
What is the remainder when (-2 - -32639)/23 - (-4 - 0) is divided by 21?
16
Calculate the remainder when ((-6)/(-15) + 0)/(7/5)*3815 is divided by 26.
24
Suppose 2*d + 2*d = 9*d - 1355. Calculate the remainder when d is divided by 55.
51
Suppose 87*j = 94*j. Suppose -q = 2*w - 229, -3*w - 5*q + 94 + 267 = j. What is the remainder when w is divided by 38?
36
Let j(l) = 2*l + 24. Let x(g) = g**3 - 5*g**2. Let f be x(5). Suppose c = -3*m - 13, f*m = 4*m + 8. Calculate the remainder when j(c) is divided by 3.
1
Let w(j) = j**2 + j + 7. Suppose 8*z - 47 = -127. Let u = 32 - z. Calculate the remainder when u is divided by w(-2).
6
Suppose 47 = 4*z - 29. Let u = z + 2. Calculate the remainder when 104 is divided by u.
20
Let u = -8387 + 12106. What is the remainder when u is divided by 155?
154
Suppose 3*v = -3*p + v + 6, 5*p + v - 17 = 0. Let y(g) = 0*g**2 + 4*g**2 + 6 - g**2 - 2*g**2 - 4*g. What is the remainder when y(5) is divided by p?
3
Suppose 12*f - 3*f - 2907 = 0. Let x = f - 284. Let w(b) = 153*b - 1. Calculate the remainder when w(1) is divided by x.
35
Let l(t) = -t**3 - 12*t**2 - 22*t + 14. Let d be l(-11). Suppose -4059 = -6*a + d. What is the remainder when a is divided by 70?
69
Let x(b) = -17*b - 19*b**2 + 3*b**2 + b**3 - 8 + b + 2*b. What is the remainder when 126 is divided by x(17)?
40
Let y be (-19764)/427*28/(-6). Suppose -13*s + y = 14*s. What is the remainder when 173 is divided by s?
5
Let k = -494 - -583. Suppose -73*y = -k*y + 64. Calculate the remainder when 62 is divided by y.
2
Suppose -6035 = -l + 13*k, 8*l + 29935 = 13*l - 5*k. What is the remainder when l is divided by 63?
61
Let l(z) = -z**3 + 9*z**2 + 5*z + 4. Let x(m) = m - 3. Let p be x(12). Suppose -44 = 4*s - 144. Calculate the remainder when l(p) is divided by s.
24
Let x = -376 - -625. Suppose 4*c + 2*i - 152 = 0, 44 = i + 40. Calculate the remainder when x is divided by c.
33
Let q = 88 - 80. What is the remainder when 5 is divided by -3 - (7/(-4))/(q/32)?
1
Let n = 1876 + -1512. What is the remainder when n is divided by 59?
10
Let w(f) = 42*f - 36*f**2 - 64*f**3 - 26 + 32*f**3 + 34*f**3. Calculate the remainder when w(17) is divided by 38.
34
Let m(q) = 231*q**2 - 6*q - 5. What is the remainder when m(-4) is divided by 13?
10
Let v = -11454 - -11719. Calculate the remainder when v is divided by 130.
5
Let p = -3655 + 3834. Calculate the remainder when 4473 is divided by p.
177
Let p(c) = 4*c + 40. Let v(d) = 1. Let g(b) = p(b) - 6*v(b). Calculate the remainder when 57 is divided by g(-6).
7
Let w = -1296 - -1370. Calculate the remainder when w is divided by 2.
0
What is the remainder when 8 - -28*(-4 - -9 - -2) is divided by 34?
0
Let a = -402 - -444. Let j(l) = -8*l + 65. Calculate the remainder when a is divided by j(6).
8
Let j = 16 - -3. Let o be (-2 + 1)/(((-18)/(-2964))/(-3)). Suppose 5*p = -n + o - 131, -357 = -5*p - 4*n. Calculate the remainder when p is divided by j.
16
Let u(c) = c**3 + 17*c**2 + 22*c - 5. Let v be u(-15). Let l = v - 35. Let x = -51 + l. What is the remainder when 86 is divided by x?
28
Suppose -3*g + 785 = 2*y, -5*y - 24*g + 19*g + 1950 = 0. Calculate the remainder when y is divided by 130.
125
Let a(p) = -23*p - 62. Let u be a(-8). Let k = u + -116. Let l(v) = v**3 + 2*v**2 - 2*v + 3. What is the remainder when l(2) is divided by k?
3
Suppose -122*d + 32*d = -18360. Calculate the remainder when d is divided by 23.
20
Let y = 2299 + -2214. What is the remainder when 864 is divided by y?
14
Let r = -120 - -184. Let c = r - 28. Calculate the remainder when 99 is divided by c.
27
Suppose 3*q = 8*q - 405. Let j(x) = -x - 59. Let h be j(0). Let s = h + q. What is the remainder when 42 is divided by s?
20
Suppose 2*g - 622 = 4*q, 344 - 18 = g - 5*q. Calculate the remainder when g is divided by 19.
16
What is the remainder when 1191/21 - 28/(-98) is divided by 33?
24
Let a = 58 - 60. Suppose 3*s + 34 = 2*i - 2, -5*i - 4*s = -90. What is the remainder when 3*((-304)/(-12) + a) is divided by i?
16
Calculate the remainder when (42/(-9) + 4)/(36/20466)*-1 is divided by 107.
58
Suppose -4*a = 8, 105*b = 106*b - 2*a - 817. What is the remainder when b is divided by 0/3 - (-74)/1?
73
Let f be 15/(-25) - (-56)/10. Let k(n) = 0 + 0*n - 2 + f - 3*n. Calculate the remainder when 60 is divided by k(-6).
18
Suppose -4*h - 137 = -s + 489, 12 = -4*h. Calculate the remainder when s is divided by 202.
8
Suppose -22*q = -19*q - 15. Suppose u + 12 = q*i, -3*i - 2*i + 77 = 4*u. Let s(a) = 2*a - 6. What is the remainder when u is divided by s(7)?
5
Suppose -54 = -o + d - 6, 192 = 4*o - 5*d. Let y(q) = 12*q + 1. Calculate the remainder when o is divided by y(2).
23
Let q be -2*(13/22 + (-2)/22). Let h = q + 15. What is the remainder when 167 is divided by h?
13
Let l = 6915 + -6857. What is the remainder when 1442 is divided by l?
50
Let t = -7869 + 7985. Calculate the remainder when 646 is divided by t.
66
Let r be (38/(-4))/(2/8). Let a = -11 - r. Calculate the remainder when a is divided by 336/60 - (-4)/10.
3
Suppose -7 - 13 = -k. Let m = 14864 - 14852. What is the remainder when k is divided by m?
8
Suppose 3*q = -h + 49 - 14, 5*h - 7 = -q. Let l(v) = 15*v - 27*v + 13*v + q. Calculate the remainder when 173 is divided by l(13).
23
Let s(j) = 3*j**2 - 3*j - 4. Suppose 184 = 26*t + 54. Suppose 2*v - 274 = -2*g, 685 = t*g - 9*v + 4*v. Calculate the remainder when g is divided by s(3).
11
Let a = 2172 + 4894. Calculate the remainder when a is divided by 228.
226
Let n(t) = -386*t - 2381. Calculate the remainder when n(-14) is divided by 84.
83
Let p(l) = -l**2 + 16*l - 48. Let k be p(4). Suppose k = -2*t - 5*y + 20, -5*y + 35 = 2*t + t. What is the remainder when t is divided by (-88)/(-14) + (-2)/7?
3
Suppose -44336 - 579665 = -97*p. What is the remainder when p is divided by 5?
3
Suppose 395 = 5*v - 2*s, -11*v = -14*v + 4*s + 237. Let l be 6 + (-2)/((-1)/(-1)). Suppose -l*u + 36 = -0*u. What is the remainder when v is divided by u?
7
Let a = -162 + 204. Let z = 5 + 28. Calculate the remainder when ((-1)/2)/((a/(-1548))/7) is divided by z.
30
Let x(b) = 19*b - 133. Let p be x(54). Let w = p + -866. Calculate the remainder when w is divided by -1 + 0 + (-1 - -12).
7
Let s = -3 - -7. Let q(a) = 0*a**2 - a**2 - s + a**3 + 2*a**2. What is the remainder when q(2) is divided by 3?
2
Let x = 114 + -60. Suppose 5*r - 199 + x = 0. Calculate the remainder when 85 is divided by r.
27
Let t(l) = 1409*l - 40826. Calculate the remainder when (-1143)/(-7) + 2/(-7) is divided by t(29).
23
Let a(y) = 2*y + 3807. What is the remainder when a(-74) is divided by 609?
5
Let u = 6164 - 